e -f - v*s = -0*f - 45, 142 = 3*f - s. What is the units digit of f?
7
Let x = 458 + -170. Suppose -a - 265 = -5*l + x, 557 = 5*l + a. What is the tens digit of l?
1
Let f be -7*(5/(-4) + 4/16). Suppose 120 = 17*q - f*q. What is the units digit of q?
2
What is the units digit of 329/1 + 1/(3/6)?
1
Suppose -4*j + 4*b + 1760 = 0, -3*j - 8*b + 1322 = -10*b. What is the hundreds digit of j?
4
Let l(s) = -s**3 - 6*s**2 - 11*s - 8. Let y be l(-6). Suppose -y + 3 = -u. What is the tens digit of u?
5
Suppose -3*c + 5*h = 39 - 172, 0 = -5*c - 2*h + 170. What is the units digit of c?
6
Let g(z) = -9*z**2 + 17*z + 14. Let j(u) = -128*u**2 - 5 + 131*u**2 - 10*u + 4*u. Let r(o) = -6*g(o) - 17*j(o). What is the units digit of r(2)?
3
Suppose 0 = 2*g + 2*g - 60. Let i = 12 - g. Let t = i - -33. What is the tens digit of t?
3
Let m(r) = 3*r - 10. Let q be m(5). Suppose 5*n + q = -0*n. What is the units digit of 6 - (3 + 1/n)?
4
Suppose -4*d + 1838 = -0*d + 3*m, -3*m = -2*d + 910. What is the tens digit of d?
5
Let r = -56 + 142. Suppose 3*h - 142 = 5*c, r = 4*h - 5*c - 110. What is the units digit of h?
4
What is the tens digit of (6 - 1) + (-36 - -54)?
2
Let j(a) = -6*a + 6. Suppose -5*t + 9 = -11. Let k = -10 + t. What is the tens digit of j(k)?
4
Suppose -5*y - 5*b + 150 = 0, 3*y - 54 = 5*b + 4. What is the tens digit of 3 - ((-1502)/14 + y/91)?
1
Let s(c) = 4*c + 26*c + 4*c + 15. What is the units digit of s(1)?
9
Let i(u) be the first derivative of -12 + 3*u**2 + 1/4*u**4 - 8/3*u**3 + 9*u. What is the tens digit of i(8)?
5
Suppose 10*t - 15*t + 1255 = 0. What is the hundreds digit of t?
2
What is the hundreds digit of (5388/(-36)*-18)/(2 + 0)?
3
Suppose 3*t - 31 = -7. Suppose t*y = 2*y + 336. What is the tens digit of y?
5
Let s = -171 - -286. What is the units digit of s?
5
Suppose 5*b = -4*b + 6858. What is the units digit of b?
2
Let a(l) be the second derivative of -l**5/20 - l**4/2 + 3*l**3/2 + 9*l**2/2 + 5*l. What is the units digit of a(-8)?
5
Let x be ((-6)/8)/((-42)/112). Suppose -r - r = k - 10, -x*k - 15 = -3*r. Suppose -2*z - 3*z + 3*j + 113 = k, -47 = -2*z + 3*j. What is the units digit of z?
2
Suppose 3*v = 2*z - 4, 3*v + 0*v = -6. Let c be 0 + z/(-1)*-18. Let q = c - -25. What is the units digit of q?
7
Let a = 260 - -407. What is the hundreds digit of a?
6
Suppose -12*n - 1100 = -17*n. What is the units digit of n?
0
Suppose 0 = -3*b + 21 + 24. Suppose -s + 8 = -b. What is the tens digit of s?
2
What is the units digit of 7/(42/(-12)) - -433?
1
Let r(y) = 11*y**2 + 8*y - 96. What is the tens digit of r(9)?
6
Suppose -4*y = 3*s - 10284, -2*y - 2*s = s - 5148. What is the units digit of 0 + (-2)/(-11) - y/(-33)?
8
Let q(j) = j**2 + 1. Let x be q(1). Suppose -2*m = 3*w + 9, m = -x*m + 5*w - 42. Let l = 32 - m. What is the tens digit of l?
4
Suppose 1535 = 3*o - c + 3*c, -535 = -o + 4*c. What is the units digit of o?
5
Let m be (1 + 4/8)/(3/18). Suppose 4*h - 188 = 2*r, -4*h + 192 = -0*r - 4*r. Suppose -m*d = -10*d + h. What is the units digit of d?
6
Let p = 2202 + -1561. What is the units digit of p?
1
Suppose 18 - 2 = -4*n. What is the tens digit of (-1)/n + 1442/56?
2
Suppose -2*q - 5*x = 2*q - 189, 0 = -3*q + 4*x + 165. Suppose q = 5*l - 99. What is the units digit of l?
0
What is the thousands digit of (-4)/(-10) + (58218/30 - 8)?
1
Let g(s) = 4*s**2 - 8 + 6*s**2 - 11 - 11*s**2 - 17*s. What is the tens digit of g(-10)?
5
Let u(y) = y + 5. Let f(i) = 8*i - 4. Let a be f(3). Let z be 2/10 - 84/a. What is the units digit of u(z)?
1
Let h be 218/1 + -9 + 13. Let j = h - 153. What is the tens digit of j?
6
Suppose 12602 = 14*f - 3778. What is the units digit of f?
0
Let j(y) be the second derivative of y**5/20 + y**4/4 - 5*y**3/6 - 3*y**2/2 - 6*y. Let s be j(-3). Suppose 14*d - 72 = s*d. What is the units digit of d?
6
Let k(j) = 3*j + 138. What is the units digit of k(0)?
8
Suppose 0 = 2*a - b - 5976, 4*a - 9838 = 3*b + 2114. What is the thousands digit of a?
2
Suppose 25 = 3*v + 19, -2*q + 3*v + 2156 = 0. What is the thousands digit of q?
1
Let p(b) = -344*b - 237. What is the thousands digit of p(-4)?
1
Let x(z) = 6*z - 9. Let v be x(3). Suppose -2*t - 4*a + 38 = -4, -t + a + v = 0. What is the tens digit of t?
1
What is the hundreds digit of 4/(-18)*(-42156)/8?
1
Let u(p) = 11*p**3 - p + 1. Let c be 2/10 + 12/15. Let s be u(c). Suppose 0 = -4*h + 3*b + 86, 0 = h + 2*b + s - 27. What is the tens digit of h?
2
Suppose 3*f - 12129 + 3422 = -u, 3*f - u - 8717 = 0. What is the thousands digit of f?
2
Let w = 49 - -10. Let m = -20 + 23. Suppose -5*r = 25, -m*p + 7*r - 3*r + w = 0. What is the tens digit of p?
1
Let x(n) = n**3 - 3*n + 678. What is the tens digit of x(0)?
7
Let q(b) = -32*b + 5. Let d be 17 + -23 - 3/(-1). What is the units digit of q(d)?
1
Let z be 6/(-33) - 72/(-33). What is the tens digit of (2/z)/(1/33)?
3
Let h(y) = 3*y**3 - 3*y**2 - 5*y + 1. Let p(d) = -16*d**3 + 16*d**2 + 26*d - 4. Let t(g) = -11*h(g) - 2*p(g). What is the units digit of t(-5)?
2
Suppose -3*p - 2*v + 506 = -1446, -v = 2*p - 1303. What is the tens digit of p?
5
Let c be (2 - (-188)/(-8))*-2. Let l = c + 65. What is the tens digit of l?
0
Let u be (-1 - -3) + (0 - -3). Suppose -2*a = 1 - u, -16 = -4*n - 2*a. What is the tens digit of 1*-28*n/(-4)?
2
Let b = 969 - 619. What is the tens digit of b?
5
Let b = 2833 + -1925. What is the tens digit of b?
0
Let g be (-335)/(-65) - (6/(-13))/(-3). Suppose -3*u + 12 = o, -o = -0*o - g*u - 12. What is the tens digit of o?
1
Let z(t) = t**3 + 25*t**2 - 55*t + 30. What is the units digit of z(-27)?
7
Let k = -39 - -605. What is the units digit of k?
6
Suppose 0 = 19*a - 22*a + 72. What is the units digit of 2960/a*(-12)/(-10)?
8
Let n(l) = -18*l - 102. What is the hundreds digit of n(-33)?
4
Let x = -40 + 173. What is the hundreds digit of x?
1
Let l(v) = -5*v**3 - v**2 + 1. Let s be l(-1). Let p be 6/(-15) + 7/s. What is the units digit of -5*p/2*-10?
5
Let w(v) = -211*v + 305. What is the tens digit of w(-14)?
5
Suppose 0 = -k + 2*k + f + 4, -23 = 4*k - 3*f. Let l = k - -8. Suppose -5*j + l*m + 150 = -2*m, 150 = 5*j + 3*m. What is the tens digit of j?
3
Let h be 3 + -2 - 6/(-3). Let q(w) = 6*w**h + w + 2 - 4*w**3 - w**3 + 5*w**2 - 2*w. What is the tens digit of q(-3)?
2
Let v(h) = 3*h - 13. Let r be v(6). Let z(p) = -6*p + 11. Let m(a) = 5*a - 10. Let o(u) = r*m(u) + 4*z(u). What is the units digit of o(15)?
9
Let i(r) = 3*r**3 + 2*r**2 + 1. Suppose 3*o + 5*p - 1 = -0, -3*p + 3 = 3*o. What is the units digit of i(o)?
3
Let m(w) = 69*w + 17. Let b be m(-4). Let o = 402 + b. What is the hundreds digit of o?
1
Let z(v) = v + 21. Let b(u) = u**3 - 6*u**2 + 4*u - 8. Let y be b(6). What is the tens digit of z(y)?
3
Suppose t + 99 = -i - 3*i, 3*t + 122 = -5*i. Let u = i + 42. Suppose 2*q + u = 51. What is the tens digit of q?
1
What is the hundreds digit of -1 + 10 + (-8 - -1771)?
7
Let v(o) = 10*o + 10. Let a be v(-15). What is the tens digit of 3/(-1 - 155/a)?
2
Suppose -12 = -w + 4*w. Let b(u) = u**3 + 2*u**2 - 3*u + 5. Let c(q) = q**2 + q + 1. Let j(n) = b(n) + 2*c(n). What is the tens digit of j(w)?
1
Suppose 49*i - 393 = 48*i. What is the hundreds digit of i?
3
Let k(w) = -305*w + 92. Let i(r) = -102*r + 31. Let z(b) = 17*i(b) - 6*k(b). What is the tens digit of z(3)?
6
Suppose 5*d = 4*i - 40, 2 = -4*d - 4*i + 6. Suppose 3 = -2*o - 5. What is the units digit of (-2)/d*o + 47?
5
Suppose -3 = -3*g + 3. What is the tens digit of 2 + g/(-2) - (-42 + -1)?
4
Let l = -91 - -181. Suppose l = 3*m + 3*m. What is the tens digit of m?
1
Suppose -3*g = -2*u + 864, -40*u = -42*u + 4*g + 864. What is the units digit of u?
2
What is the thousands digit of 2/7 - (-45240)/28?
1
Suppose -2*s - 128 = 4*i, 4*s = -0*s + 5*i - 217. Let b = -28 - s. What is the tens digit of b?
3
Suppose -4*a + 5*x + 661 = 0, 4*a - x - 834 = -193. Let v = 41 + a. What is the tens digit of v?
0
Suppose 2*z + 4 = 3*z. Suppose 2 - 34 = -z*q. Let p = q + 16. What is the units digit of p?
4
Let y(h) = -h**3 + 15*h**2 - 11. What is the tens digit of y(-11)?
3
Suppose -k + 5*z - 1070 = -4758, -3*k + 3*z = -11052. What is the thousands digit of k?
3
Let k = 1834 - 979. What is the units digit of k?
5
Suppose 4*h - 2*b - 1 = 5, 0 = -3*b - 9. Suppose h = 2*r - 1